rime number?
True
Let t be 1 + ((-75)/30 - 8497/(-2)). Suppose -3*m - 2*z = 4072, -3*z + 0*z = -5*m - 6755. Let d = m + t. Is d a prime number?
False
Suppose 147*g - 18557535 - 1856378 = -2462420. Is g composite?
True
Let u(n) = -4051*n + 28. Let g(m) = 2*m + 1. Let t(p) = -6*g(p) + u(p). Let b be t(6). Is 1/5 + 1 + b/(-20) prime?
False
Let h(f) = f**3 + 74*f**2 + 295*f + 23. Is h(-66) a prime number?
True
Let g(w) = 9321*w + 1865. Is g(12) prime?
True
Suppose 3*t - 165571 = -2*j, 23*j + 110382 = 2*t + 24*j. Is t prime?
False
Let x = -36491 - -143698. Is x composite?
True
Suppose 158*b = -29*b - 51*b + 167480362. Is b composite?
False
Let w = -77204 + 195547. Is w prime?
True
Suppose -5*m - 73*b + 1243893 = -75*b, 0 = -m - 2*b + 248781. Is m composite?
False
Let l = -26417 - -96946. Is l composite?
False
Let t(z) = 190*z**3 + 4*z**2 - 43*z - 75. Is t(8) composite?
False
Let c be 5 - 12/(-5) - 4/10. Let f = 0 + c. Let x(i) = 3*i**3 - 7*i**2 + 4*i - 13. Is x(f) prime?
True
Let b(d) = -18*d**3 + 8*d**2 + d + 8. Let l(p) = -17*p**3 + 9*p**2 + 2*p + 9. Let o(c) = 4*b(c) - 3*l(c). Let a be o(-4). Let w = -488 + a. Is w composite?
True
Suppose -4*r + 2*g + 81360 = 0, -3*r + 73519 - 12492 = 2*g. Is r prime?
True
Suppose -5*u + 49048 + 3367 = 0. Let h be u/22 + 1/2. Let a = h - 24. Is a a composite number?
True
Suppose 0 = -1476*u + 1540*u - 112541504. Is u prime?
False
Let l = 1147 + -605. Suppose 2*g - i - 1086 = i, -g + 2*i + l = 0. Let s = g + 654. Is s prime?
False
Suppose -101952 = 2*p - 5*u - 296371, -4*p + 388853 = -5*u. Is p prime?
False
Suppose 9*m - 39 - 6 = 0. Suppose -12*u = -11*u + 3*f - 13999, 5*f - 70015 = -m*u. Is u a prime number?
False
Let r(u) = 7*u**3 + 5*u**2 + 241*u + 64. Is r(15) a composite number?
False
Let t be 316/2 - (1 - 5). Suppose -t = 3*k + 3*k. Let j = 266 - k. Is j composite?
False
Suppose -z - 14 = -4*h, 2 = 5*z - 4*h + 8. Let u be 295/(-6) + z/12. Let l = -27 - u. Is l a prime number?
False
Let s(i) be the third derivative of 1187*i**5/30 + 3*i**2 - 6. Suppose -4*r = 5*u + 25, 11 = 4*u - 3*r - 0*r. Is s(u) prime?
False
Suppose -6*z = -18*z + 24. Let g(i) = 696*i**3 - 4*i**2 + 4*i - 3. Is g(z) prime?
True
Let i(t) = 259*t**2 - 7*t + 5. Suppose -2*c + 4 = 2*c. Is i(c) a composite number?
False
Suppose 1987365 = -2*v + f, -43*f + 38*f + 993705 = -v. Is v/(-32)*(3 - 1) prime?
False
Let c = 567 - -4684. Is c prime?
False
Let i = -1474 + 2694. Suppose 3*x = 4*d - 3 + 10, -d = 3*x - 17. Suppose 0 = -5*j - x*m + i, 3*j + m + 123 - 865 = 0. Is j prime?
False
Let j(y) = -847*y**2 - 10*y + 22. Let b be j(2). Suppose -16767 = 2*p - 5*p. Let f = p + b. Is f prime?
True
Let q(t) be the third derivative of -t**5/30 + 3*t**4/4 - 3*t**3 - 18*t**2. Let z be q(12). Is (-16002)/z + (-2)/(-10) composite?
True
Suppose 3*i = -3*u - 138903 + 472671, -4*i = 5*u - 445027. Is i a prime number?
True
Suppose -6 = v - 3*v. Suppose 42*n = 45*n - v. Is 136 + 2 + n + 0 prime?
True
Suppose -14 = -2*x + 2*u, -4*u = -4*x - 6*u + 16. Suppose 0*y = -4*y + 2264. Suppose -y - 1019 = -x*l. Is l prime?
True
Let u be 1*-247 - (3 + 0 + -4). Let h = 378 + u. Let p = h - -322. Is p a prime number?
False
Suppose 5*b - 3969 = 4*b. Suppose 6729 = -8*g + 5*g - j, 6729 = -3*g - 5*j. Let l = b + g. Is l prime?
False
Let y(f) = 14*f**2 - 155. Let w be y(-8). Let i(d) = 33*d + 7. Let j be i(-7). Let q = j + w. Is q composite?
True
Let r = 978515 - 206220. Is r a prime number?
False
Suppose 0 = 5*w - 3*w + 2, -2*c = 5*w - 225941. Is c composite?
True
Let i(d) = d**3 + 89*d**2 + 7*d - 61. Is i(-24) a prime number?
False
Let h = 150565 - 54582. Is h a prime number?
False
Let f(n) = -101*n + 52. Suppose 57 - 32 = -5*v. Is f(v) composite?
False
Suppose -4*h + 7*m - 12905 = 2*m, -2*h - 6460 = -4*m. Suppose 326592 = 137*l - 301005. Let j = h + l. Is j a composite number?
False
Is -217559*(-1 - (9 + -9)) a composite number?
False
Is (41088/20)/(7/1855) + 75/(-15) prime?
False
Let t be (-13)/(-3)*4 + (-1)/3. Suppose 2*s = 5*f - t, 2 - 6 = 4*s. Is (0 - 1)/((-2 - f)/15395) a prime number?
True
Let l(q) = -1519*q - 411. Is l(-20) prime?
False
Suppose -34*w = -29*w - 10. Suppose 4*n + 4*u - 2708 = 0, 4*n + w*u = 6*n - 1338. Is n a prime number?
True
Suppose 0 = -14*v + 18*v + 12. Is 3 + 2453 + (2 - 2) + v a prime number?
False
Is (-96550)/(-11) + 159/(-583) a prime number?
False
Let q(i) = 273*i + 289. Let x be 90/10*(-1 + (-47)/(-9)). Is q(x) prime?
True
Is (-8)/(-16) + (34/(-119) - 3456118/(-28)) prime?
True
Suppose 1033846 - 2597755 = -5*x + 4*p, -2*x = 5*p - 625557. Is x a prime number?
False
Suppose 0 = 4*u - 2197 + 50413. Let l = u - -26675. Is l composite?
False
Suppose -244879 = -b - 4*x, b - 323567 = -x - 78712. Is b a prime number?
False
Suppose -3*b = -3*j - 63, 4*b = 3*b + 5*j + 1. Let q(u) = -22*u + 6*u - b*u + 4*u. Is q(-1) a composite number?
True
Let d(r) = -r**3 + 10*r**2 + 16*r - 2. Let l be (1 - (-17 + 4)) + 1. Let u be ((-22)/20*4)/((-6)/l). Is d(u) a composite number?
False
Let m(q) = -351*q + 26. Let b be m(-11). Suppose b = -6*r - 8701. Let i = -1301 - r. Is i composite?
False
Suppose 0*f + 5*o = -2*f + 754554, -o = f - 377283. Is f prime?
True
Let l(k) = k**3 + 27*k**2 + 34*k + 45. Let d(x) = -x**3 - 27*x**2 - 34*x - 46. Let c(n) = -4*d(n) - 5*l(n). Is c(-32) prime?
False
Let d be (10588/(-6))/((-8)/12). Suppose 976 - d = -3*n. Is n a prime number?
True
Let b = 73 + -75. Let d be ((-1)/(4/16))/((-4)/b). Is (0 - 115)*(-3)/(-15)*d prime?
False
Is (-7 - 1) + (-85)/((-510)/232884) a prime number?
False
Let l = -1531 + 1530. Let w(b) = 34*b**2 - 3*b - 3. Let n(j) = 35*j**2 - 3*j - 3. Let k(m) = 3*n(m) - 2*w(m). Is k(l) a prime number?
True
Let c(f) = f**2 + 12*f - 21. Let x be c(-13). Let t = x + 27. Let u = t + 104. Is u composite?
True
Let p = 174188 - 5670. Suppose -4*w - p = -18*w. Is w a prime number?
True
Let v = -739 + 738. Is v/((-1)/1 - (-5912)/5914) prime?
True
Suppose -42*s = 44*s - 101*s + 290595. Is s composite?
False
Is ((-1)/3)/((-19)/(-399))*-133201 composite?
True
Suppose 0 = -8*z + 3*z, 0 = 3*a - 5*z + 3. Let d be -2*(-314 + 1 + a). Let k = -405 + d. Is k a composite number?
False
Suppose 0 = -2*g + 10, -18962 = -4*a + 2*g - 4*g. Let d = a + -7151. Let x = d + 4806. Is x composite?
False
Let t be (40/48 - 1) + (-43)/(-6). Suppose 0 = r + t*r - 11288. Suppose -5*p + 3186 = 4*c - r, 4*p + 2*c - 3674 = 0. Is p composite?
True
Suppose -5*m = -4 + 4. Let f be 5/(-15)*(m + -12). Suppose -f*l - l = 15, 5*w - 2*l - 1801 = 0. Is w prime?
True
Suppose -2451810 = -135*v + 105*v. Is v a composite number?
False
Suppose -2*g = -b + 354126, 3*b = -g + 285057 + 777286. Suppose 7*d - b + 47677 = 0. Is d a composite number?
False
Suppose 2*r - 12*b = -18*b + 283204, -4*r + 566368 = 4*b. Is r a prime number?
True
Let z(k) = 149*k + 318. Let g be z(-14). Let l = 363 + 2390. Let x = l + g. Is x a composite number?
True
Let i = 84 + -90. Let h be i - -3 - (-6 - (1 + -4)). Is 89/(-1)*-1*(5 + h) a composite number?
True
Let q = -266 - -259. Let u(i) = -5*i**3 - 15*i**2 - 5*i - 8. Is u(q) prime?
False
Suppose 0 = i - 5, -5*i + i = -3*w + 4642. Let n = 2233 - w. Let v = n - 232. Is v a prime number?
False
Suppose 475*p = 692*p - 532725235. Is p a prime number?
False
Let i(f) = 3*f + 1. Let w(p) = -611*p - 8. Let b(s) = -2*i(s) - w(s). Suppose 0 = -4*m + 4*q + q - 21, 5*m - 30 = -5*q. Is b(m) prime?
False
Let p(u) = -2139*u - 61. Let l(t) = -2140*t - 61. Let r(o) = 3*l(o) - 4*p(o). Is r(3) prime?
True
Suppose 5*l + 2878 = b, -4*b + 11506 = l - 6. Let y be (11 - 9) + (-2652)/(1*-2). Suppose -6*i + y = -b. Is i a composite number?
False
Let j(l) = -l**3 - 12*l**2 + 35*l - 60. Let k(z) = -2*z**3 - 23*z**2 + 69*z - 119. Let i(y) = -7*j(y) + 3*k(y). Is i(20) a prime number?
False
Let d(w) = w - 16. Let o be d(18). Let i(s) = 100*s**2 - 2*s - 1. Let r be i(o). Suppose r + 318 = a. Is a prime?
False
Let m = -17806 + 41975. Is m prime?
True
Let z(b) = b + 7. Let c be z(-3). Let n be (7/c + -2)*-8. Suppose 0 = -5*t + n*t + 285. Is t a composite number?
True
Let z(r) = 1705*r + 261. Is z(8) a prime number?
True
Let m = -151497 - -227041. Suppose 2*i = -0 + 2, 5*b - i = m. Suppose -j + 2*j - 5043 = -2*a, 0 = -3*j - 2*a + b. Is j composite?
True
Suppose -5*h + 1344 = 2*h. Let c 